477 + 268, 5*g = -20. Let c = -84 - v. What is the tens digit of c?
6
Let f(j) = 3*j - 273. Let b be f(0). Let d = -147 - b. What is the hundreds digit of d?
1
Let i = -3391 - -6349. What is the thousands digit of i?
2
Suppose 0*w - 2*w = 0. Suppose w*b + b = -5*r + 19, 5*b - 95 = -r. What is the tens digit of b?
1
What is the hundreds digit of (-76)/(((-1)/10)/(30/75))?
3
What is the hundreds digit of (-1)/(-2) + 61503/78?
7
Let g = 24 - 35. Let q = -19 - g. What is the tens digit of 580/q*(-4)/5?
5
Let w be (6/10)/((-2)/(-10)). Let u = 154 - 80. Suppose w*r - r - u = 0. What is the units digit of r?
7
Suppose 4*m = -q + 5077, -3*m + 2138 + 1675 = -q. What is the units digit of m?
0
Let f(x) = x - 23. Let m be f(10). Let y = m + 132. What is the units digit of y?
9
Let b = -457 + 1000. What is the units digit of b?
3
Suppose -20717 = -7*u - 6836. What is the hundreds digit of u?
9
Suppose -150 - 401 = -19*w. Let h = 26 + w. What is the tens digit of h?
5
Let a(d) = d**3 + 2*d**2 - 3*d + 2. Let n be a(3). Let o = 58 - n. Suppose 5*r + 4*m - 6*m = 85, o = -4*m. What is the units digit of r?
5
Let m(b) = -4*b + 39. Let f(d) = -d + 10. Let t(r) = -9*f(r) + 2*m(r). Suppose 2*p + p = 51. What is the units digit of t(p)?
5
Suppose 3*h = -n + 1517, 3*h + 6*n = 4*n + 1522. What is the tens digit of h?
0
Let q(c) = -56*c - 31. What is the thousands digit of q(-22)?
1
Let r(x) = x - 1. Let c be r(3). Suppose -3*v - 276 = -7*v + c*y, -5*y - 60 = -v. What is the tens digit of v?
7
Let u(h) be the second derivative of h**3/2 - 3*h. Suppose -6*z + 4*z = -8. What is the units digit of u(z)?
2
Suppose 380 = 2*v - x - 1099, 0 = v + x - 735. What is the units digit of v?
8
What is the tens digit of -303*((-9)/81 - 83/9)?
2
What is the units digit of (-9776)/(-44) - 10/55 - 3?
9
Let t be (3*(-1)/(-6))/(1/(-12)). What is the units digit of (-2)/t*624/16?
3
Suppose 0 = -3*j - 4*j + 28. Suppose 105 = 2*r - 3*g, j*r - r = -4*g + 166. What is the tens digit of r?
5
Suppose -2*h = -2*c - 2*c - 236, -3*c - h = 187. Let m = c + 23. Let k = 66 + m. What is the units digit of k?
8
Suppose -5826 = -5*k + 3*c, 2*k - 4*k + 3*c + 2334 = 0. What is the hundreds digit of k?
1
Let g = 2651 + 3667. What is the units digit of g?
8
Let m be 2/(-6) + (-185)/(-15). Let w = m + -2. What is the tens digit of w?
1
Let h = 196 + -39. Let g = 284 - h. What is the tens digit of g?
2
Suppose 0 = 4*p - h - 1217, 3*p = p + 4*h + 612. What is the units digit of p?
4
Suppose 6*t - 4*t + 8 = -w, 0 = 2*w + 2*t + 12. Let s = 12 - w. What is the tens digit of s?
1
Suppose -3*o - 4326 = -4*b, 3*b - 4*o - 4683 + 1442 = 0. What is the thousands digit of b?
1
Let v(z) = -9 - 47*z + 23*z + 34*z + 2*z**2. What is the units digit of v(-7)?
9
Let f = -351 + 542. What is the hundreds digit of f?
1
Let w(u) = -u + 10. Let v = -7 - -15. Let l be w(v). What is the units digit of l + 16/(-4) - -16?
4
Suppose -11 = -b - 1. Suppose 0 = 3*o - b - 2. What is the units digit of 5 + (-12)/(o + -1)?
1
Let k(n) = -n - 5. Suppose 2*u + 32 = -2*u. Let h be k(u). Suppose -4 = h*f - 1, 2*f + 32 = y. What is the units digit of y?
0
Suppose 24*z - 20*z - 48 = -4*l, 2*z + l - 23 = 0. What is the tens digit of z?
1
Suppose 0 = -6*q + 4*q + 10. Suppose -2*w = -l - 4*w + 49, 89 = 2*l - q*w. What is the tens digit of l?
4
Suppose -o + 10 = -2*c, o - 2 = 3*c - 5*c. What is the tens digit of ((-9)/2)/((-6)/1488*o)?
8
Suppose 22*y = -10*y + 35200. What is the thousands digit of y?
1
Let t(h) = -2*h**2 + 52*h - 82. Let g(m) = -m**2 + 17*m - 27. Let c(y) = -8*g(y) + 3*t(y). What is the hundreds digit of c(-15)?
1
Let m be ((-6)/(-5))/(42/105). Suppose m*q = 2*q, -2*q + 100 = 5*w. What is the units digit of (-5)/(-3) + w/(-30)?
1
Suppose 4*y - 2*p = 2*p - 1292, 0 = -5*y + p - 1627. What is the tens digit of 2*y/(-8) + 7/(-14)?
8
Let b be (0/11)/((-2)/(-2)). Suppose -6*c + 415 + 197 = b. What is the tens digit of c?
0
Let t(l) = -3*l**2 + l + 3. Let i(b) = -b**2. Let n(z) = -5*i(z) - t(z). What is the tens digit of n(-2)?
3
Let h be ((-8)/(-4) - 1) + 217. Suppose 23 - h = -4*o + p, 2*p = -5*o + 234. What is the tens digit of o?
4
Suppose -3*h + 2228 = 138*y - 136*y, 5*h + 3323 = 3*y. What is the units digit of y?
1
Let v be ((-7)/(-5) - 6/(-10)) + 88. Let n = 136 - v. What is the units digit of n?
6
Let w be 1180/(-35) - (-2)/(-7). Let a be w/(-8) - 8/32. What is the tens digit of (10/(-1))/((-2)/a)?
2
Let p be (-3 - (-253)/(-2))/((-2)/(-4)). Let m = p - -374. What is the units digit of m?
5
Suppose -388 = -3*k - 4*m, -3*m = -35*k + 34*k + 125. What is the hundreds digit of k?
1
Let v = -372 + 548. What is the units digit of v?
6
Let u(q) = 54*q**2 + 4 - 6*q**2 - 7*q - 6. What is the tens digit of u(-2)?
0
Suppose 127*s = -3*v + 123*s + 2747, -4*v + 4*s = -3616. What is the units digit of v?
9
What is the hundreds digit of ((-8)/(-7))/((-19)/(-1729))?
1
What is the units digit of -6 - (-136 - 2)/2?
3
Suppose 3*b + i = -7, -3*b = -0*b - 5*i + 1. Let o be 12 - 3*4/6. What is the tens digit of (-6)/(b - o/(-6))?
1
What is the hundreds digit of 14/(-4)*12060/(-35)?
2
Let n = 27 - 21. Suppose 70 = -4*q + n*q. What is the tens digit of q?
3
Let b(n) = -72*n - 9. Let j be b(-6). Suppose -10*m + j = -m. What is the tens digit of m?
4
Let x be 0/(4*1/(-2)). Suppose 4 = 2*g - x*g. Suppose 7*q = g*q + 75. What is the tens digit of q?
1
Let z(d) = d**2 + 8. Let x be z(-6). What is the tens digit of (-87)/((-58)/x + 8/(-44))?
5
Let k(w) = -w**3 - 15*w**2 - 6*w - 20. Let v = -26 - -11. What is the tens digit of k(v)?
7
Suppose 4*t + 5*q = 2*t + 1675, 5*t + 3*q = 4197. What is the tens digit of t?
4
Let j(h) = h + 7. Let v be j(-3). Let q(t) = t**3 - 3*t**2 - 3*t. Let a be q(v). Suppose -3*r + 87 = 3*x, -a*r - 5*x + 19 = -98. What is the units digit of r?
8
Let n(w) = w**3 + 6*w**2 - 8*w - 1. Let a be n(-7). What is the tens digit of ((-4)/a)/((-890)/(-225) + -4)?
1
Let g(o) = 3*o**2 - 13*o + 21. Let s be g(9). Suppose 2*a + s = 591. What is the units digit of a?
2
Let l(w) = -7*w**2 - w. Let b be l(-1). Let i(p) = p - 4. Let s be i(b). What is the units digit of 73/2 - 5/s?
7
Let r(z) = 193*z + 531. What is the hundreds digit of r(7)?
8
Let b(d) = -d**2 - 55*d + 18. What is the units digit of b(-39)?
2
Let u(c) = -c - 31. Let v be u(-17). What is the units digit of (v + 8)*(-29)/6?
9
Let o(v) = 2*v**2 - 11*v + 1. Let j(m) = 3*m**2 - 21*m. Let x(n) = -4*j(n) + 7*o(n). What is the hundreds digit of x(-9)?
1
Let n be (10/(-15))/((-4)/534). Let b = n - 44. What is the tens digit of b?
4
Let y(k) = 21*k + 57. What is the units digit of y(20)?
7
Let r = -23 - -37. Let s(m) = -r + 13 + 6 + 2*m + 9*m**2 - m**3. What is the tens digit of s(9)?
2
Let j(y) = 0 + 5 - 4 + 1 - 4*y - y**2. Let m be j(-4). What is the units digit of (-8)/2 + 82/m?
7
Let v = -15 + 18. Suppose -2*n + 105 = v*n. Suppose -99 - n = -5*w. What is the tens digit of w?
2
Let f = 2435 + -1107. What is the thousands digit of f?
1
Suppose 0 = 9*u - 2183 - 265. Let q = 500 - u. What is the tens digit of q?
2
Suppose -8*h = -13*h - 20, 2*u + 2*h = 3514. What is the thousands digit of u?
1
Let z be 2 - (-10 - (-2 - -2)). Suppose z = -m + 2*m. What is the units digit of (-18)/m*(-56)/6?
4
Let l = 14 + 175. What is the units digit of l?
9
Let p(x) be the first derivative of x**4/4 + 2*x**3 + x**2 - 47. Let z(c) = 4*c**3. Let r be z(-1). What is the units digit of p(r)?
4
Let j = 1 + 33. What is the units digit of ((-15)/(-15))/(2/j)?
7
Suppose 0 = 2*n - 5*n + 42. Let x = n - 9. Suppose 0*r = -x*r + 60. What is the tens digit of r?
1
Let y(i) = 2*i**2 + 24*i + 22. Let o be y(-11). Suppose -3*l + 4*b + o*b = -339, -5*l - 2*b = -539. What is the units digit of l?
9
Let h = -45 - -72. Let r = -14 + h. Suppose k = 5*d - r, 0 = -4*k + 2*d + 17 + 3. What is the units digit of k?
7
Suppose 5*o = 5*r + 3525, -633 = -3*o + 9*r + 1476. What is the tens digit of o?
0
Let w(t) = 81*t**3 - 6*t**3 - t**2 + 2*t + 0*t - 1. Let l be w(1). What is the units digit of (-3)/12 - l/(-12)?
6
What is the tens digit of (4/(-2 + 1))/((-6)/1179)?
8
Suppose 35*k = 39*k - 4384. What is the hundreds digit of k?
0
Let h be (24/10)/(171/(-30) - -6). What is the tens digit of -4 + ((-12)/h)/((-2)/92)?
6
What is the units digit